).
-5
Let h(o) = 3*o + 88. Calculate h(-23).
19
Let r(a) = 13*a**3 - 2*a**2 - a + 2. Determine r(1).
12
Let p(h) = -7*h**3 - 2*h**2 + h - 2. Determine p(-2).
44
Let b(d) = -d**2 + 8*d - 22. Give b(3).
-7
Let i(f) = -f**2 + 9*f + 8. Calculate i(9).
8
Let a(g) = 10*g**2 - 4*g + 3. Calculate a(2).
35
Let p(r) = -r**3 + 34*r**2 - 2*r + 70. Give p(34).
2
Let z(p) = p**3 + 4*p**2 - 3*p - 3. Give z(-4).
9
Let v(y) = y**3 + y**2 - 2*y - 3. What is v(-3)?
-15
Let j(z) = -z**3 - 13*z**2 - 13*z - 16. Calculate j(-12).
-4
Let k(h) = h**3 - 7*h**2 + 3*h + 12. Determine k(5).
-23
Let g(h) = 6*h - 3. What is g(-2)?
-15
Let r(w) = -w - 15. Calculate r(8).
-23
Let b(p) = 7*p - 31. Calculate b(-8).
-87
Let y(m) = m**2 + 17*m + 28. Determine y(-15).
-2
Let i(h) = 29*h + 82. Determine i(-3).
-5
Let q(j) = -3*j + 66. Give q(12).
30
Let k(a) = -a**3 + 7*a**2 - 4*a - 8. What is k(6)?
4
Let a(w) = w**3 - 16. What is a(0)?
-16
Let a(b) = 8*b**3 - 2*b + 1. Calculate a(1).
7
Let b(n) = n**2 - 4*n + 19. Give b(0).
19
Let p(g) = 13*g + 149. What is p(-12)?
-7
Let y(j) = 13*j + 1. Give y(-1).
-12
Let m(u) = 38*u + 119. Determine m(-3).
5
Let h(i) = 8*i**2. Calculate h(1).
8
Let o(t) = -t - 9. Calculate o(-5).
-4
Let j(o) = -o**2 - 4*o + 1. Calculate j(-7).
-20
Let f(w) = w**2 + 5*w - 9. Calculate f(-5).
-9
Let x(s) = -s**2 + s - 1. What is x(-8)?
-73
Let n(o) = 2*o**2 + 23*o + 19. What is n(-11)?
8
Let f(m) = -m**3 - 3*m**2 + 3. Determine f(-3).
3
Let m(q) = 2*q**2 + 4*q - 12. Determine m(-5).
18
Let g(a) = -a**3 - a**2 + 2*a + 3. Calculate g(0).
3
Let y(f) = f**3 - 4*f**2 - 18*f + 42. What is y(6)?
6
Let u(h) = 2*h**2 + 5*h - 1. Calculate u(-4).
11
Let b(n) = -10*n**2 + n. Calculate b(-1).
-11
Let y(i) = i**3 + i**2 - 6*i + 3. What is y(2)?
3
Let t(k) = -k**3 - 13*k**2 - 11*k + 17. Give t(-12).
5
Let b(q) = 2*q**2 - 4*q + 3. Give b(6).
51
Let k(t) = -t + 8. What is k(6)?
2
Let u(r) = 3*r**2 - 6*r - 25. What is u(-3)?
20
Let v(a) = 6*a**2 + 3*a - 2. Determine v(2).
28
Let t(p) = 11*p - 2. Determine t(-2).
-24
Let y(l) = 2*l**2 - 17*l - 5. Give y(9).
4
Let j(l) = 9*l - 2. Give j(1).
7
Let d(w) = w**3 + 12*w**2 + 14*w - 11. Calculate d(-11).
-44
Let d(a) = 8*a - 33. Give d(6).
15
Let y(a) = 7*a**3 - a**2 + 1. Give y(-1).
-7
Let u(q) = -q - 19. Calculate u(-9).
-10
Let s(z) = -z**2 + 5*z - 3. Calculate s(3).
3
Let i(y) = -y**2 - 4*y + 12. Determine i(-12).
-84
Let v(y) = 5*y + 2. Determine v(-6).
-28
Let g(t) = -t**2 - 22*t - 13. Calculate g(-21).
8
Let k(p) = 120*p**3 + p**2 - p. Determine k(1).
120
Let h(z) = -z**2 + 3*z - 11. What is h(5)?
-21
Let o(r) = r**3 - 12*r**2 + 7*r - 1. What is o(11)?
-45
Let y(i) = -i**2 - 6*i - 5. Calculate y(6).
-77
Let g(c) = 21*c - 423. Determine g(20).
-3
Let l(w) = -88*w + 7. What is l(-1)?
95
Let x(v) = -17*v - 3. Determine x(1).
-20
Let f(y) = -y**2 + 3*y - 9. What is f(4)?
-13
Let h(l) = -l**3 - l**2 + l - 53. What is h(0)?
-53
Let z(r) = r**3 - 9*r**2 - 5*r - 13. What is z(10)?
37
Let x(u) = -u**3 + 9*u**2 - 3*u + 9. What is x(9)?
-18
Let s(u) = u**2 - 4. Determine s(-3).
5
Let l(r) = 54*r - 325. Give l(6).
-1
Let h(j) = 8*j + 171. Determine h(-21).
3
Let c(h) = -h**3 - 40*h**2 + 41*h + 1. Calculate c(-41).
1
Let q(u) = -9*u - 6. What is q(-1)?
3
Let t(q) = -8*q - 6. Calculate t(5).
-46
Let u(i) = i**2 - 7*i + 13. Determine u(4).
1
Let y(d) = -2*d + 76. Determine y(27).
22
Let y(x) = x**2 + 17*x + 54. What is y(-14)?
12
Let h(p) = p**3 + 6*p**2 - 31. Determine h(-5).
-6
Let s(a) = -4*a - 12. Determine s(-11).
32
Let z(q) = -2*q**2 + 5*q + 6. What is z(6)?
-36
Let n(q) = 2*q**2 + 6*q. Give n(-4).
8
Let k(u) = -13*u + 2. Give k(-4).
54
Let t(g) = g**3 - 16*g**2 - 17*g. Give t(17).
0
Let y(z) = z**3 - 13*z**2 + 27*z. Give y(2).
10
Let n(h) = 7*h - 47. Determine n(5).
-12
Let z(p) = -p**3 - 11*p**2 + 11*p - 18. Calculate z(-12).
-6
Let v(z) = -2*z**2 + 13*z - 12. Determine v(12).
-144
Let j(q) = -2*q - 1. Give j(-2).
3
Let y(d) = -d**3 + 3*d**2 + 2*d + 1. Calculate y(4).
-7
Let u(b) = b**2 - 3. Give u(4).
13
Let z(v) = -2*v**3 - 51*v**2 + 23*v - 81. Give z(-26).
-3
Let a(p) = -2*p**2 + 77*p + 124. Calculate a(40).
4
Let j(r) = -80*r - 3. Determine j(-1).
77
Let t(p) = 5*p + 102. Determine t(-21).
-3
Let j(h) = -h**2 + 18*h - 66. What is j(6)?
6
Let a(b) = b**2 - 4*b - 26. What is a(8)?
6
Let u(w) = -4*w**2 - 6*w - 1. Determine u(-2).
-5
Let s(p) = 38*p**3. Determine s(-1).
-38
Let w(n) = 9*n. What is w(-3)?
-27
Let q(y) = -y**3 - 9*y**2 - 3*y + 22. What is q(-10)?
152
Let j(k) = k**3 - 2*k**2 - 3*k + 1. What is j(3)?
1
Let h(p) = -2*p**2 - 10*p + 18. What is h(-11)?
-114
Let m(f) = -3*f**3 + 3*f**2 - 2*f + 3. Give m(2).
-13
Let q(t) = t**3 + 4*t**2 + 3*t + 1. What is q(-3)?
1
Let q(z) = z**3 + 25*z**2 + 26*z + 42. What is q(-24)?
-6
Let q(j) = j + 7. Determine q(-9).
-2
Let t(z) = z**2 + 35*z + 209. Calculate t(-7).
13
Let t(o) = o**2 + o + 2. What is t(-3)?
8
Let q(n) = -28*n - 5. Give q(-1).
23
Let x(d) = -d**2 - 5*d - 4. Determine x(-6).
-10
Let z(c) = c**3 + 2*c**2 - 5*c + 3. Give z(-3).
9
Let r(j) = j**3 - 12*j**2 - 8*j - 6. Give r(13).
59
Let t(h) = h + 1. Give t(-6).
-5
Let l(u) = u + 1. What is l(4)?
5
Let v(h) = 3*h - 24. What is v(6)?
-6
Let x(w) = w**2 + w - 37. Determine x(0).
-37
Let w(j) = -j**2 - j + 3. Give w(0).
3
Let s(y) = y**2 - 9*y + 2. Determine s(8).
-6
Let w(z) = z + 6. Give w(3).
9
Let i(u) = u**3 + 5*u**2 - u - 9. Determine i(-5).
-4
Let i(n) = -2*n + 21. Give i(6).
9
Let w(o) = 5*o - 78. Give w(17).
7
Let h(f) = -15*f + 255. Calculate h(17).
0
Let u(y) = -y**2 + 20. Give u(5).
-5
Let n(m) = -m**3 - 6*m**2 - m + 19. What is n(-5)?
-1
Let w(y) = -y - 3. Determine w(-3).
0
Let v(j) = 7*j - 37. Determine v(6).
5
Let n(z) = z**3 + 8*z**2 - 11*z - 91. Calculate n(-8).
-3
Let g(c) = -c**2 + 14*c - 6. What is g(10)?
34
Let u(y) = -y**3 + 27*y**2 - y + 13. What is u(27)?
-14
Let v(l) = l**2 + 4*l - 6. Determine v(-4).
-6
Let q(g) = -g**3 - 5*g**2 - 2*g - 3. Calculate q(-6).
45
Let p(x) = -133*x + 3057. Calculate p(23).
-2
Let u(l) = -4*l - 2. What is u(17)?
-70
Let p(n) = 8*n**2 - 3*n + 1. What is p(2)?
27
Let w(z) = 2*z**2 - 4*z + 2. Calculate w(6).
50
Let r(q) = -q - 31. Determine r(16).
-47
Let k(b) = 57*b - 341. What is k(6)?
1
Let o(h) = -5*h - 211. Calculate o(-42).
-1
Let h(p) = 23*p - 116. Calculate h(6).
22
Let n(p) = p**3 - 9*p**2 - 9*p - 6. Calculate n(10).
4
Let d(i) = i**3 - 10*i**2 + 10*i + 11. Calculate d(9).
20
Let k(f) = 3*f + 9. Give k(-11).
-24
Let v(j) = -5*j**2 - 9*j - 14. Determine v(-4).
-58
Let u(o) = -102*o**2 - 1. Determine u(-1).
-103
Let b(c) = -2*c**2 - 3*c + 7. Give b(-4).
-13
Let w(k) = k**3 + 3*k**2 + 2. Determine w(-5).
-48
Let m(g) = g**3 - 13*g**2 + 23*g - 7. Give m(11).
4
Let z(y) = -64*y**2 - 3*y - 4. Give z(-1).
-65
Let m(s) = -16*s - 2. Calculate m(0).
-2
Let q(g) = -g**2 + 72*g - 514. Give q(64).
-2
Let f(n) = n**2 + 15*n - 21. Give f(-17).
13
Let m(f) = -f - 3. What is m(-1)?
-2
Let h(y) = -y**2 - 10*y + 15. Determine h(-12).
-9
Let g(x) = x**3 + 2*x**2 - 2*x - 3. Give g(-2).
1
Let c(l) = -l**3 - 6*l**2 - 4*l - 6. What is c(-5)?
-11
Let a(d) = -31*d**2 + 63*d + 3. Calculate a(2).
5
Let s(c) = c**2 + 3*c - 17. Determine s(-5).
-7
Let l(u) = -u**2 + 6. Give l(0).
6
Let r(b) = b**3 - 7*b**2 - 10*b - 8. What is r(8)?
-24
Let g(s) = -s**2 - 36*s - 125. What is g(-32)?
3
Let n(q) = q**3 - q**2 - 14*q + 9. Calculate n(4).
1
Let g(q) = 21*q - 259. What is g(13)?
14
Let n(q) = 2*q**2 + 19*q + 10. Calculate n(-8).
-14
Let a(m) = m**2 - 5*m - 41. Determine a(11).
25
Let j(p) = -2*p**3 - 7*p**2 + 5*p. Calculate j(-5).
50
Let o(i) = -i**3 - 5*i**2 + 3*i - 2. Calculate o(-6).
16
Let k(h) = -4*h + 22. Give k(4).
6
Let c(p) = 14*p + 9. Determine c(3).
51
Let m(j) = j**3 - 4*j**2 - 4*j - 12. Determine m(5).
-7
Let g(q) = 15*q**3 + q**2 + 2*q + 2. Calculate g(-1).
-14
Let h(n) = -n**3 + 18*n**2 + n - 11. Give h(18).
7
Let b(a) = -25*a**2 + 75*a - 1. Give b(3).
-1
Let b(z) = 2*z + 18. What is b(-8)?
2
Let a(b) = -b**2 + 6*b - 12. What is a(9)?
-39
Let i(o) = o**2 - 9*o - 3. Give i(7).
-17
Let i(n) = -n**3 + 6*n**2 - 7*n + 12. Give i(5).
2
Let o(d) = d**3 - 14*d**2 - 35*d + 55. Calculate o(16).
7
Let z(g) = g**2 - 12*g + 18. Determine z(10).
-2
Let x(p) = p**2 + 6*p - 9. Calculate x(-7).
-2
Let d